{"id":681,"date":"2020-05-15T14:01:31","date_gmt":"2020-05-15T14:01:31","guid":{"rendered":"https:\/\/www.indigoverona.com\/verona\/lieux-a-visiter\/arena-and-piazza-bra\/"},"modified":"2021-01-15T09:04:53","modified_gmt":"2021-01-15T09:04:53","slug":"larene-et-la-piazza-bra","status":"publish","type":"page","link":"https:\/\/www.indigoverona.com\/fr\/verona\/lieux-a-visiter\/larene-et-la-piazza-bra\/","title":{"rendered":"L\u2019Ar\u00e8ne et la Piazza Bra"},"content":{"rendered":"<p>L&rsquo;amphith\u00e9\u00e2tre romain connu de tous sous le nom d&rsquo;<strong>Arena de V\u00e9rone<\/strong> est un merveilleux exemple d&rsquo;architecture romaine datant du 1er si\u00e8cle apr\u00e8s JC, pr\u00e9serv\u00e9 de mani\u00e8re excellente gr\u00e2ce aux nombreuses et minutieuses <strong>restaurations conservatrices<\/strong> dans lesquelles il se trouve depuis le XVIe si\u00e8cle.<\/p>\n<p>Depuis 1913, date de la premi\u00e8re exposition, il a exclusivement accueilli le <a title=\"Saison Lirique \u00e0 l\u2019Ar\u00e8ne - Hotel Indigo Verona\" href=\"https:\/\/www.indigoverona.com\/fr\/verona_events\/saison-lirique-a-larene\/\"><strong><u>festival d&rsquo;op\u00e9ra ar\u00e9nien<\/u><\/strong><\/a> et nous pouvons certainement dire que, bien que l&rsquo;apparence ext\u00e9rieure ait consid\u00e9rablement chang\u00e9 au fil du temps, l&rsquo;<strong>Arena<\/strong> conserve toujours son statut et ses fonctions de symbole et point de rencontre privil\u00e9gi\u00e9 dans la ville.<\/p>\n","protected":false},"excerpt":{"rendered":"<p>L&rsquo;amphith\u00e9\u00e2tre romain connu de tous sous le nom d&rsquo;Arena de V\u00e9rone est un merveilleux exemple d&rsquo;architecture romaine datant du 1er si\u00e8cle apr\u00e8s JC, pr\u00e9serv\u00e9 de mani\u00e8re excellente gr\u00e2ce aux nombreuses et minutieuses restaurations conservatrices dans lesquelles il se trouve depuis le XVIe si\u00e8cle. Depuis 1913, date de la premi\u00e8re exposition, il a exclusivement accueilli le [&hellip;]<\/p>\n","protected":false},"author":7,"featured_media":0,"parent":678,"menu_order":0,"comment_status":"closed","ping_status":"closed","template":"template-venice-theme.php","meta":{"footnotes":""},"class_list":["post-681","page","type-page","status-publish","hentry"],"yoast_head":"<!-- This site is optimized with the Yoast SEO plugin v26.9 - https:\/\/yoast.com\/product\/yoast-seo-wordpress\/ -->\n<title>Ar\u00e8ne de Verona et Piazza Bra | Hotel Indigo Verona<\/title>\n<meta name=\"description\" content=\"L&#039;Ar\u00e8ne de V\u00e9rone est situ\u00e9e \u00e0 quelques pas de notre Hotel Indigo - Grand H\u00f4tel des Arts. Venez nous d\u00e9couvrir.\" \/>\n<meta name=\"robots\" content=\"index, follow, max-snippet:-1, max-image-preview:large, max-video-preview:-1\" \/>\n<link rel=\"canonical\" href=\"https:\/\/www.indigoverona.com\/fr\/verona\/lieux-a-visiter\/larene-et-la-piazza-bra\/\" \/>\n<meta property=\"og:locale\" content=\"fr_FR\" \/>\n<meta property=\"og:type\" content=\"article\" \/>\n<meta property=\"og:title\" content=\"Ar\u00e8ne de Verona et Piazza Bra | Hotel Indigo Verona\" \/>\n<meta property=\"og:description\" content=\"L&#039;Ar\u00e8ne de V\u00e9rone est situ\u00e9e \u00e0 quelques pas de notre Hotel Indigo - Grand H\u00f4tel des Arts. Venez nous d\u00e9couvrir.\" \/>\n<meta property=\"og:url\" content=\"https:\/\/www.indigoverona.com\/fr\/verona\/lieux-a-visiter\/larene-et-la-piazza-bra\/\" \/>\n<meta property=\"og:site_name\" content=\"Hotel Indigo Verona - Grand Hotel Des Arts\" \/>\n<meta property=\"article:modified_time\" content=\"2021-01-15T09:04:53+00:00\" \/>\n<meta name=\"twitter:card\" content=\"summary_large_image\" \/>\n<meta name=\"twitter:label1\" content=\"Dur\u00e9e de lecture estim\u00e9e\" \/>\n\t<meta name=\"twitter:data1\" content=\"1 minute\" \/>\n<script type=\"application\/ld+json\" class=\"yoast-schema-graph\">{\"@context\":\"https:\/\/schema.org\",\"@graph\":[{\"@type\":\"WebPage\",\"@id\":\"https:\/\/www.indigoverona.com\/fr\/verona\/lieux-a-visiter\/larene-et-la-piazza-bra\/\",\"url\":\"https:\/\/www.indigoverona.com\/fr\/verona\/lieux-a-visiter\/larene-et-la-piazza-bra\/\",\"name\":\"Ar\u00e8ne de Verona et Piazza Bra | Hotel Indigo Verona\",\"isPartOf\":{\"@id\":\"https:\/\/www.indigoverona.com\/fr\/#website\"},\"datePublished\":\"2020-05-15T14:01:31+00:00\",\"dateModified\":\"2021-01-15T09:04:53+00:00\",\"description\":\"L'Ar\u00e8ne de V\u00e9rone est situ\u00e9e \u00e0 quelques pas de notre Hotel Indigo - Grand H\u00f4tel des Arts. Venez nous d\u00e9couvrir.\",\"breadcrumb\":{\"@id\":\"https:\/\/www.indigoverona.com\/fr\/verona\/lieux-a-visiter\/larene-et-la-piazza-bra\/#breadcrumb\"},\"inLanguage\":\"fr-FR\",\"potentialAction\":[{\"@type\":\"ReadAction\",\"target\":[\"https:\/\/www.indigoverona.com\/fr\/verona\/lieux-a-visiter\/larene-et-la-piazza-bra\/\"]}]},{\"@type\":\"BreadcrumbList\",\"@id\":\"https:\/\/www.indigoverona.com\/fr\/verona\/lieux-a-visiter\/larene-et-la-piazza-bra\/#breadcrumb\",\"itemListElement\":[{\"@type\":\"ListItem\",\"position\":1,\"name\":\"Home\",\"item\":\"https:\/\/www.indigoverona.com\/fr\/\"},{\"@type\":\"ListItem\",\"position\":2,\"name\":\"Verona\",\"item\":\"https:\/\/www.indigoverona.com\/fr\/verona\/\"},{\"@type\":\"ListItem\",\"position\":3,\"name\":\"Lieux \u00e0 visiter\",\"item\":\"https:\/\/www.indigoverona.com\/fr\/verona\/lieux-a-visiter\/\"},{\"@type\":\"ListItem\",\"position\":4,\"name\":\"L\u2019Ar\u00e8ne et la Piazza Bra\"}]},{\"@type\":\"WebSite\",\"@id\":\"https:\/\/www.indigoverona.com\/fr\/#website\",\"url\":\"https:\/\/www.indigoverona.com\/fr\/\",\"name\":\"Hotel Indigo Verona - Grand Hotel Des Arts\",\"description\":\"Just another ms.decms.eu site\",\"potentialAction\":[{\"@type\":\"SearchAction\",\"target\":{\"@type\":\"EntryPoint\",\"urlTemplate\":\"https:\/\/www.indigoverona.com\/fr\/?s={search_term_string}\"},\"query-input\":{\"@type\":\"PropertyValueSpecification\",\"valueRequired\":true,\"valueName\":\"search_term_string\"}}],\"inLanguage\":\"fr-FR\"}]}<\/script>\n<!-- \/ Yoast SEO plugin. -->","yoast_head_json":{"title":"Ar\u00e8ne de Verona et Piazza Bra | Hotel Indigo Verona","description":"L'Ar\u00e8ne de V\u00e9rone est situ\u00e9e \u00e0 quelques pas de notre Hotel Indigo - Grand H\u00f4tel des Arts. Venez nous d\u00e9couvrir.","robots":{"index":"index","follow":"follow","max-snippet":"max-snippet:-1","max-image-preview":"max-image-preview:large","max-video-preview":"max-video-preview:-1"},"canonical":"https:\/\/www.indigoverona.com\/fr\/verona\/lieux-a-visiter\/larene-et-la-piazza-bra\/","og_locale":"fr_FR","og_type":"article","og_title":"Ar\u00e8ne de Verona et Piazza Bra | Hotel Indigo Verona","og_description":"L'Ar\u00e8ne de V\u00e9rone est situ\u00e9e \u00e0 quelques pas de notre Hotel Indigo - Grand H\u00f4tel des Arts. Venez nous d\u00e9couvrir.","og_url":"https:\/\/www.indigoverona.com\/fr\/verona\/lieux-a-visiter\/larene-et-la-piazza-bra\/","og_site_name":"Hotel Indigo Verona - Grand Hotel Des Arts","article_modified_time":"2021-01-15T09:04:53+00:00","twitter_card":"summary_large_image","twitter_misc":{"Dur\u00e9e de lecture estim\u00e9e":"1 minute"},"schema":{"@context":"https:\/\/schema.org","@graph":[{"@type":"WebPage","@id":"https:\/\/www.indigoverona.com\/fr\/verona\/lieux-a-visiter\/larene-et-la-piazza-bra\/","url":"https:\/\/www.indigoverona.com\/fr\/verona\/lieux-a-visiter\/larene-et-la-piazza-bra\/","name":"Ar\u00e8ne de Verona et Piazza Bra | Hotel Indigo Verona","isPartOf":{"@id":"https:\/\/www.indigoverona.com\/fr\/#website"},"datePublished":"2020-05-15T14:01:31+00:00","dateModified":"2021-01-15T09:04:53+00:00","description":"L'Ar\u00e8ne de V\u00e9rone est situ\u00e9e \u00e0 quelques pas de notre Hotel Indigo - Grand H\u00f4tel des Arts. Venez nous d\u00e9couvrir.","breadcrumb":{"@id":"https:\/\/www.indigoverona.com\/fr\/verona\/lieux-a-visiter\/larene-et-la-piazza-bra\/#breadcrumb"},"inLanguage":"fr-FR","potentialAction":[{"@type":"ReadAction","target":["https:\/\/www.indigoverona.com\/fr\/verona\/lieux-a-visiter\/larene-et-la-piazza-bra\/"]}]},{"@type":"BreadcrumbList","@id":"https:\/\/www.indigoverona.com\/fr\/verona\/lieux-a-visiter\/larene-et-la-piazza-bra\/#breadcrumb","itemListElement":[{"@type":"ListItem","position":1,"name":"Home","item":"https:\/\/www.indigoverona.com\/fr\/"},{"@type":"ListItem","position":2,"name":"Verona","item":"https:\/\/www.indigoverona.com\/fr\/verona\/"},{"@type":"ListItem","position":3,"name":"Lieux \u00e0 visiter","item":"https:\/\/www.indigoverona.com\/fr\/verona\/lieux-a-visiter\/"},{"@type":"ListItem","position":4,"name":"L\u2019Ar\u00e8ne et la Piazza Bra"}]},{"@type":"WebSite","@id":"https:\/\/www.indigoverona.com\/fr\/#website","url":"https:\/\/www.indigoverona.com\/fr\/","name":"Hotel Indigo Verona - Grand Hotel Des Arts","description":"Just another ms.decms.eu site","potentialAction":[{"@type":"SearchAction","target":{"@type":"EntryPoint","urlTemplate":"https:\/\/www.indigoverona.com\/fr\/?s={search_term_string}"},"query-input":{"@type":"PropertyValueSpecification","valueRequired":true,"valueName":"search_term_string"}}],"inLanguage":"fr-FR"}]}},"acf":[],"_links":{"self":[{"href":"https:\/\/www.indigoverona.com\/fr\/wp-json\/wp\/v2\/pages\/681","targetHints":{"allow":["GET"]}}],"collection":[{"href":"https:\/\/www.indigoverona.com\/fr\/wp-json\/wp\/v2\/pages"}],"about":[{"href":"https:\/\/www.indigoverona.com\/fr\/wp-json\/wp\/v2\/types\/page"}],"author":[{"embeddable":true,"href":"https:\/\/www.indigoverona.com\/fr\/wp-json\/wp\/v2\/users\/7"}],"replies":[{"embeddable":true,"href":"https:\/\/www.indigoverona.com\/fr\/wp-json\/wp\/v2\/comments?post=681"}],"version-history":[{"count":0,"href":"https:\/\/www.indigoverona.com\/fr\/wp-json\/wp\/v2\/pages\/681\/revisions"}],"up":[{"embeddable":true,"href":"https:\/\/www.indigoverona.com\/fr\/wp-json\/wp\/v2\/pages\/678"}],"wp:attachment":[{"href":"https:\/\/www.indigoverona.com\/fr\/wp-json\/wp\/v2\/media?parent=681"}],"curies":[{"name":"wp","href":"https:\/\/api.w.org\/{rel}","templated":true}]}}

L’Arène et la Piazza Bra

<p>L&rsquo;amphithéâtre romain connu de tous sous le nom d&rsquo;<strong>Arena de Vérone</strong> est un merveilleux exemple d&rsquo;architecture romaine datant du 1er siècle après JC, préservé de manière excellente grâce aux nombreuses et minutieuses <strong>restaurations conservatrices</strong> dans lesquelles il se trouve depuis le XVIe siècle.</p>
<p>Depuis 1913, date de la première exposition, il a exclusivement accueilli le <a title="Saison Lirique à l’Arène - Hotel Indigo Verona" href="https://www.indigoverona.com/fr/verona_events/saison-lirique-a-larene/"><strong><u>festival d&rsquo;opéra arénien</u></strong></a> et nous pouvons certainement dire que, bien que l&rsquo;apparence extérieure ait considérablement changé au fil du temps, l&rsquo;<strong>Arena</strong> conserve toujours son statut et ses fonctions de symbole et point de rencontre privilégié dans la ville.</p>

<p>L&rsquo;amphithéâtre romain connu de tous sous le nom d&rsquo;Arena de Vérone est un merveilleux exemple d&rsquo;architecture romaine datant du 1er siècle après JC, préservé de manière excellente grâce aux nombreuses et minutieuses restaurations conservatrices dans lesquelles il se trouve depuis le XVIe siècle. Depuis 1913, date de la première exposition, il a exclusivement accueilli le [&hellip;]</p>

<!-- This site is optimized with the Yoast SEO plugin v26.9 - https://yoast.com/product/yoast-seo-wordpress/ -->
<title>Arène de Verona et Piazza Bra | Hotel Indigo Verona</title>
<meta name="description" content="L&#039;Arène de Vérone est située à quelques pas de notre Hotel Indigo - Grand Hôtel des Arts. Venez nous découvrir." />
<meta name="robots" content="index, follow, max-snippet:-1, max-image-preview:large, max-video-preview:-1" />
<link rel="canonical" href="https://www.indigoverona.com/fr/verona/lieux-a-visiter/larene-et-la-piazza-bra/" />
<meta property="og:locale" content="fr_FR" />
<meta property="og:type" content="article" />
<meta property="og:title" content="Arène de Verona et Piazza Bra | Hotel Indigo Verona" />
<meta property="og:description" content="L&#039;Arène de Vérone est située à quelques pas de notre Hotel Indigo - Grand Hôtel des Arts. Venez nous découvrir." />
<meta property="og:url" content="https://www.indigoverona.com/fr/verona/lieux-a-visiter/larene-et-la-piazza-bra/" />
<meta property="og:site_name" content="Hotel Indigo Verona - Grand Hotel Des Arts" />
<meta property="article:modified_time" content="2021-01-15T09:04:53+00:00" />
<meta name="twitter:card" content="summary_large_image" />
<meta name="twitter:label1" content="Durée de lecture estimée" />
	<meta name="twitter:data1" content="1 minute" />
<script type="application/ld+json" class="yoast-schema-graph">{"@context":"https://schema.org","@graph":[{"@type":"WebPage","@id":"https://www.indigoverona.com/fr/verona/lieux-a-visiter/larene-et-la-piazza-bra/","url":"https://www.indigoverona.com/fr/verona/lieux-a-visiter/larene-et-la-piazza-bra/","name":"Arène de Verona et Piazza Bra | Hotel Indigo Verona","isPartOf":{"@id":"https://www.indigoverona.com/fr/#website"},"datePublished":"2020-05-15T14:01:31+00:00","dateModified":"2021-01-15T09:04:53+00:00","description":"L'Arène de Vérone est située à quelques pas de notre Hotel Indigo - Grand Hôtel des Arts. Venez nous découvrir.","breadcrumb":{"@id":"https://www.indigoverona.com/fr/verona/lieux-a-visiter/larene-et-la-piazza-bra/#breadcrumb"},"inLanguage":"fr-FR","potentialAction":[{"@type":"ReadAction","target":["https://www.indigoverona.com/fr/verona/lieux-a-visiter/larene-et-la-piazza-bra/"]}]},{"@type":"BreadcrumbList","@id":"https://www.indigoverona.com/fr/verona/lieux-a-visiter/larene-et-la-piazza-bra/#breadcrumb","itemListElement":[{"@type":"ListItem","position":1,"name":"Home","item":"https://www.indigoverona.com/fr/"},{"@type":"ListItem","position":2,"name":"Verona","item":"https://www.indigoverona.com/fr/verona/"},{"@type":"ListItem","position":3,"name":"Lieux à visiter","item":"https://www.indigoverona.com/fr/verona/lieux-a-visiter/"},{"@type":"ListItem","position":4,"name":"L’Arène et la Piazza Bra"}]},{"@type":"WebSite","@id":"https://www.indigoverona.com/fr/#website","url":"https://www.indigoverona.com/fr/","name":"Hotel Indigo Verona - Grand Hotel Des Arts","description":"Just another ms.decms.eu site","potentialAction":[{"@type":"SearchAction","target":{"@type":"EntryPoint","urlTemplate":"https://www.indigoverona.com/fr/?s={search_term_string}"},"query-input":{"@type":"PropertyValueSpecification","valueRequired":true,"valueName":"search_term_string"}}],"inLanguage":"fr-FR"}]}</script>
<!-- / Yoast SEO plugin. -->

Arène de Verona et Piazza Bra | Hotel Indigo Verona

L'Arène de Vérone est située à quelques pas de notre Hotel Indigo - Grand Hôtel des Arts. Venez nous découvrir.

Lieux à visiter
